597?
True
Is 1361 a factor of 2986034?
True
Is 11 a factor of 32564?
False
Is 114572 a multiple of 9?
False
Does 41 divide 540339?
True
Is 19 a factor of 10630975?
True
Is 473304 a multiple of 52?
True
Is 6 a factor of 9248862?
True
Is 41 a factor of 485522?
True
Is 45 a factor of 530913?
False
Does 2 divide 28252?
True
Is 249 a factor of 2546523?
True
Is 1249 a factor of 39046129?
False
Does 97 divide 102535?
False
Does 588 divide 813204?
True
Does 154 divide 256991?
False
Is 29 a factor of 389093?
True
Is 258 a factor of 220896?
False
Does 8 divide 6662874?
False
Is 14 a factor of 2033682?
True
Is 667254 a multiple of 302?
False
Is 787899 a multiple of 55?
False
Is 63 a factor of 2415392?
False
Does 32 divide 7040?
True
Is 409676 a multiple of 61?
True
Does 75 divide 121915?
False
Is 18 a factor of 1854256?
False
Does 13 divide 1360346?
True
Is 14 a factor of 115064?
False
Is 170827 a multiple of 30?
False
Is 2661883 a multiple of 18?
False
Does 849 divide 1489995?
True
Does 17 divide 784499?
True
Is 1138554 a multiple of 64?
False
Does 16 divide 2289109?
False
Is 1941087 a multiple of 20?
False
Is 1170117 a multiple of 219?
True
Is 27 a factor of 744479?
False
Does 187 divide 83480?
False
Is 2 a factor of 37884?
True
Does 167 divide 24858?
False
Does 100 divide 110100?
True
Is 140 a factor of 271740?
True
Does 940 divide 3026742?
False
Is 1179858 a multiple of 177?
False
Is 1516 a factor of 5637654?
False
Does 6 divide 75835?
False
Is 1494931 a multiple of 182?
False
Is 72 a factor of 1980216?
True
Is 27 a factor of 305181?
True
Does 22 divide 2545966?
False
Does 12 divide 2705160?
True
Is 2 a factor of 25765?
False
Does 281 divide 1044049?
False
Does 54 divide 79052?
False
Is 6 a factor of 225372?
True
Is 40047 a multiple of 25?
False
Is 49 a factor of 24673509?
True
Does 87 divide 524871?
True
Is 116208 a multiple of 24?
True
Is 47 a factor of 528844?
True
Does 13 divide 8970?
True
Is 91 a factor of 42849?
False
Is 13349179 a multiple of 29?
False
Is 1046 a factor of 2165217?
False
Does 16 divide 50039?
False
Is 34 a factor of 1137708?
True
Is 739874 a multiple of 94?
True
Is 226 a factor of 3166034?
True
Is 6580 a multiple of 7?
True
Is 237 a factor of 172424?
False
Is 291 a factor of 276687?
False
Does 181 divide 212675?
True
Is 143 a factor of 643214?
True
Is 954006 a multiple of 803?
False
Is 57 a factor of 9177?
True
Is 9 a factor of 94050?
True
Is 118 a factor of 127794?
True
Is 145 a factor of 1983233?
False
Is 1212597 even?
False
Is 28 a factor of 951669?
False
Is 7393 a multiple of 379?
False
Does 256 divide 6535168?
True
Is 5 a factor of 10150?
True
Is 91 a factor of 97279?
True
Is 3 a factor of 257238?
True
Is 273 a factor of 2669320?
False
Does 14 divide 112529?
False
Is 116629 a multiple of 57?
False
Does 117 divide 2981979?
True
Is 70886 a multiple of 67?
True
Is 2755046 a multiple of 14?
True
Is 29088 a multiple of 30?
False
Is 170 a factor of 350540?
True
Is 13 a factor of 4381061?
False
Is 3 a factor of 9965?
False
Does 1163 divide 6432510?
False
Is 102 a factor of 6744158?
False
Is 40468 a multiple of 38?
False
Does 16 divide 1141344?
True
Does 267 divide 11094089?
False
Is 237228 a multiple of 25?
False
Is 3825640 a multiple of 1820?
True
Does 6 divide 456708?
True
Does 23 divide 238653?
False
Does 19 divide 235754?
False
Is 173 a factor of 24912?
True
Is 429 a factor of 1208064?
True
Is 14451336 a multiple of 24?
True
Is 3692133 a multiple of 940?
False
Is 3691320 a multiple of 30?
True
Is 40 a factor of 230800?
True
Does 89 divide 467339?
True
Is 8302103 a multiple of 289?
True
Is 932 a factor of 10666720?
False
Does 185 divide 13135?
True
Does 13 divide 335245?
False
Is 648 a factor of 2842674?
False
Is 8 a factor of 148472?
True
Is 56281 a multiple of 65?
False
Is 63600 a multiple of 2?
True
Is 177065 a multiple of 56?
False
Is 10 a factor of 62690?
True
Is 2643042 a multiple of 361?
False
Is 7205012 a multiple of 1221?
False
Is 1756920 a multiple of 363?
True
Does 5 divide 17368?
False
Is 11 a factor of 17864?
True
Is 36 a factor of 7596?
True
Does 15 divide 92859?
False
Does 47 divide 332802?
False
Is 37 a factor of 356606?
True
Is 5628883 a multiple of 296?
False
Does 4 divide 6653066?
False
Is 148 a factor of 257119?
False
Is 2993232 a multiple of 21?
False
Is 16578 a multiple of 27?
True
Is 2948863 a multiple of 11?
False
Is 6907288 a multiple of 163?
True
Is 48 a factor of 245040?
True
Is 5418582 a multiple of 78?
True
Is 7 a factor of 223622?
True
Does 152 divide 479712?
True
Does 17 divide 138826?
False
Is 44 a factor of 208024?
False
Is 38241 a multiple of 10?
False
Does 297 divide 150289?
False
Is 77 a factor of 224522?
False
Is 11 a factor of 365761?
True
Is 32634 a multiple of 126?
True
Is 797984 a multiple of 217?
False
Is 1558117 a multiple of 869?
True
Does 13 divide 2646800?
True
Does 9 divide 670154?
False
Does 133 divide 503538?
True
Is 129 a factor of 462414?
False
Is 525661 a multiple of 68?
False
Is 25 a factor of 10100?
True
Is 35 a factor of 307625?
False
Is 1115627 a multiple of 41?
False
Is 1140777 a multiple of 501?
True
Is 377 a factor of 944385?
True
Does 470 divide 550840?
True
Is 440189 a multiple of 22?
False
Is 27 a factor of 163026?
True
Is 5 a factor of 199138?
False
Does 74 divide 4906461?
False
Is 8 a factor of 192829?
False
Is 4638920 a multiple of 44?
True
Does 3 divide 64044?
True
Does 67 divide 8957297?
True
Does 256 divide 1327238?
False
Is 10 a factor of 75920?
True
Does 151 divide 833285?
False
Is 643 a factor of 3775696?
True
Is 157 a factor of 307376?
False
Does 5 divide 1123615?
True
Does 448 divide 260634?
False
Is 39 a factor of 38531?
False
Is 41878 a multiple of 16?
False
Is 18 a factor of 103896?
True
Does 11 divide 3107940?
True
Does 99 divide 52569?
True
Is 382739 a multiple of 107?
True
Does 11 divide 953015?
False
Is 185724 a multiple of 33?
True
Does 45 divide 1290555?
True
Does 43 divide 538102?
True
Is 7 a factor of 535388?
True
Is 13 a factor of 83811?
True
Does 321 divide 9443499?
True
Does 171 divide 771552?
True
Does 191 divide 1656352?
True
Is 47 a factor of 61880?
False
Is 23 a factor of 1178796?
True
Is 226505 a multiple of 5?
True
Does 31 divide 10247391?
True
Does 5 divide 2491797?
False
Is 76 a factor of 657785?
False
Does 7 divide 138614?
True
Does 18 divide 8748?
True
Is 1876299 a multiple of 5?
False
Is 101664 a multiple of 36?
True
Does 23 divide 9355716?
False
Is 135036 a multiple of 186?
True
Does 14 divide 9621562?
False
Is 13 a factor of 90425?
False
Does 23 divide 319873?
False
Is 21 a factor of 204981?
True
Does 68 divide 142773?
False
Does 422 divide 1795610?
True
Does 508 divide 3610864?
True
Does 140 divide 441741?
False
Does 1057 divide 5033752?
False
Is 6 a factor of 29111?
False
Is 236 a factor of 44368?
True
Is 3828832 a multiple of 8?
True
Is 17065415 a multiple of 89?
False
Is 568 a factor of 16162158?
False
Is 9631339 a multiple of 14?
False
Does 79 divide 977838?
False
Is 556339 a multiple of 459?
False
Is 24331 a multiple of 29?
True
Is 3964778 a multiple of 32?
False
Is 342 a factor of 396720?
True
Is 62 a factor of 1842020?
True
Does 2 divide 140882?
True
Is 11 a factor of 373269?
False
Is 18 a factor of 162523?
False
Does 35 divide 116350?
False
Does 4 divide 165296?
True
Is 52 a factor of 435968?
True
Is 1124011 a multiple of 113?
True
Is 939471 a multiple of 4?
False
Is 492592 a multiple of 61?
False
Is 37 a factor of 246642?
True
Is 1287612 a multiple of 1124?
False
Is 446917 a multiple of 6?
False
Does 1464 divide 24232128?
True
Is 19 a factor of 639927?
False
Is 21 a factor of 129469?
False
Is 11840224 a multiple of 176?
True
Does 132 divide 1959949?
False
Does 12 divide 4552325?
False
Is 193200 a multiple of 120?
True
Is 82 a factor of 27540339?
False
Does 284 divide 5551632?
True
Does 346 divide 2153845?
False
Is 105813 a multiple of 5?
False
Does 12 divide 7409652?
True
Does 36 divide 3124188?
True
Is 436 a factor of 74992?
True
Does 52 divide 1458200?
False
Is 34749 a multiple of 27?
True
Is 257740 a multiple of 490?
True
Is 15 a factor of 19658085?
True
Is 230157 a multiple of 124?
False
Is 13693281 a multiple of 83?
False
Is 181 a factor of 36743?
True
Is 2 a factor of 4736?
True
Is 3606528 a multiple of 418?